= 2*d. Let t = q - -41. Let j = 28 + t. Calculate the remainder when j is divided by 12.
11
Let s = -10 - -296. Let p = -1 - -33. Calculate the remainder when s is divided by p.
30
Let u be (2 - 72/45) + 18/5. Suppose u*g + 14*g = 648. Let s = 9 + 4. Calculate the remainder when g is divided by s.
10
Let p(h) = -5*h + 3. Let j be p(-2). Let y = j + 1. Calculate the remainder when (-8)/28 - 464/(-7) is divided by y.
10
Let j be (-3)/((6/4)/(12/(-6))). Let a be -4*(-6)/16*j. Let s(l) = -l**2 + 12*l - 3. Calculate the remainder when s(a) is divided by 19.
14
Calculate the remainder when 180 is divided by (9/6 + -1)*(-86 + 164).
24
Let v(h) = h**3 + 25*h**2 - 28*h + 35. Let x be v(-26). Let a = 87 - x. Suppose 36 = -a*m + 4*m. What is the remainder when m is divided by 3?
0
Let d = 607 - 644. Let o = d - -65. What is the remainder when 139 is divided by o?
27
Let j = 25483 - 19666. Calculate the remainder when j is divided by 20.
17
Let j(w) = w**3 + w**2 + 2. Let t be j(-2). Suppose -3*c + 195 = 4*b, 2*c = -2*b - 483 + 581. What is the remainder when b is divided by t/4 + (-15)/(-2)?
6
Let h = 403 - 222. What is the remainder when 546 is divided by h?
3
Calculate the remainder when 97 is divided by 8/(-14)*(1287 - 13)/(-26).
13
Suppose -5*j - 2 = b, 13 = 4*j + 5*b + 23. Suppose j = -5*v + 3*r + 182, 0 = v - 4*r - 36 + 3. Calculate the remainder when 131 is divided by v.
20
Suppose 0 = 5*r - 5*k - 190, 2*k + 123 = 3*r + 14. Suppose 0 = 3*z - 9 - 6. Suppose 0 = -z*x + r - 8. Calculate the remainder when x is divided by 4.
1
Suppose -7*j + 11*j = -5*s + 2299, -2*j + 1832 = 4*s. What is the remainder when s is divided by 160?
135
Suppose 0 = -563*y + 554*y - 2169. Let p = -201 - y. What is the remainder when 124 is divided by p?
4
Let c(r) = -5*r + 31. Let q be c(6). Let z be 0 - 5 - (3 + q). Let g = z + 12. What is the remainder when 25 is divided by g?
1
Suppose 5*d + 190 = 3*v - 1096, 0 = -4*d - 4. Calculate the remainder when v is divided by 107.
106
Calculate the remainder when (-4827)/(-21) + (-248)/(-217) is divided by 48.
39
Let p = -144 + 151. Let i(k) = -4*k + 13. What is the remainder when i(-3) is divided by p?
4
Let w(k) be the third derivative of k**6/120 - k**5/12 - k**4/4 + 10*k**3/3 - 23*k**2 + 2*k. Calculate the remainder when w(7) is divided by 26.
24
Suppose -6*x - 8*x + 574 = 0. What is the remainder when (-180)/(-48)*(x + 3) is divided by 12?
9
Suppose 0*p + 145 - 40 = 7*p. What is the remainder when 1525 is divided by p?
10
Suppose -197*k = -250*k + 10600. What is the remainder when 10399 is divided by k?
199
Suppose -36*r = -128*r + 828. Calculate the remainder when 1097 is divided by r.
8
Let a be (-2)/9 + (-482)/18. Let o be 42/8*(-72)/a. What is the remainder when (-14 + 18)/(4/o) is divided by 2?
0
Suppose -14 = -2*j - 0*j - 4*z, -2*j - z + 23 = 0. What is the remainder when 128 is divided by j?
11
Let c = -38 - -60. Let q = 86220 - 86213. What is the remainder when c is divided by q?
1
Let i(b) = 41*b**2 - 182*b + 700. What is the remainder when i(4) is divided by 43?
26
Let o be (0 + 0)*((-35)/(-10) - 3). Suppose 0 = -2*b - o*b + 60. Suppose 0 = 6*z - 18 - 54. Calculate the remainder when b is divided by z.
6
Let t(g) = 226*g + 691. What is the remainder when 3158 is divided by t(-3)?
12
Suppose 2*r + r = 84. Let w = -95 + 97. What is the remainder when r is divided by (-840)/24*w/(-10)*1?
0
Let j = -942 + 513. Let s = j - -437. What is the remainder when 431 is divided by s?
7
Let y(m) = -m**2 + 58*m + 135. Let c = -28 - -48. Suppose 3*f = 5*f - c. What is the remainder when y(59) is divided by f?
6
Let v be 95 + (-6 - (1 - 4)*1). Let i = 130 + v. What is the remainder when i is divided by 45?
42
Let k(t) = -14*t - 208. Let i be k(-15). Suppose -506 = -4*z - 2*l, i*z - 105 = 2*l + 151. What is the remainder when z is divided by 27?
19
Suppose -3*t + 27*z - 30*z = -25629, 5*t - 5*z = 42765. Suppose -912 = -55*l + t. Calculate the remainder when l is divided by 48.
28
Let n be (-11 - 3) + 3 - 3. Let x be 9/36 + n/(-8). Suppose x*p + 29 = 3*q + 74, -3*p + 76 = 4*q. What is the remainder when p is divided by 13?
11
Suppose -4*r = -416 + 376. What is the remainder when 96 is divided by r?
6
Let u be (-90)/225 + 84/10. What is the remainder when 40/u*(-2 + 172/10) is divided by 44?
32
Suppose 5*d + 968 = 3*o, 610*o - 3*d = 606*o + 1287. What is the remainder when 1860 is divided by o?
255
Suppose -5*u + 20 = 5*x, 0*x = -2*x + u + 14. Let l(n) = 3*n**2 + 2*n + 10. Let p be l(x). What is the remainder when 74 is divided by 1125/39 - (-5)/p*4?
16
Let z = 159 + -161. What is the remainder when z + 6 + 4*(0 - -7) is divided by 7?
4
Suppose -2*g - n = -1196, -g + 228*n = 232*n - 591. What is the remainder when g is divided by 149?
3
Let s(g) = 20*g**2 + 8*g - 7. Let r be s(1). Let o(j) = 4*j - 71. Calculate the remainder when 232 is divided by o(r).
11
Let q be (-536)/104 - 2*1/(-13). Let n be (-3)/q - 14/(-10). Suppose 28 = -n*u + 4*u. Calculate the remainder when 25 is divided by u.
11
Let u(j) = -2*j**2 - 53*j. Let h = 96 + -121. Calculate the remainder when 278 is divided by u(h).
53
Let z = -5634 - -5689. What is the remainder when 954 is divided by z?
19
Suppose 0 = -2*s - 5*q + 95, -129 = 3*s - 3*q - 198. Calculate the remainder when (2 - -235 - -3) + -2 is divided by s.
28
Suppose 199*s + 5*x + 593 = 202*s, 5*x = -5. What is the remainder when 1371 is divided by s?
195
Suppose -4*q + 300 = 2*q. Suppose -96*k - q = -98*k. Let n(s) = 48*s + 1. What is the remainder when n(1) is divided by k?
24
Calculate the remainder when (12/(-8))/(2/8)*3030/(-180) is divided by 2.
1
Let u(r) = 4*r + 82. Suppose 4*s = -210 + 158. What is the remainder when 237 is divided by u(s)?
27
Let t = 25 - 3. Suppose 19*q = t*q - 552. Suppose -q = 11*i - 19*i. Calculate the remainder when 158 is divided by i.
20
Let w(f) = -33*f - 87. Let c be w(7). Let l = 90 + -184. Let o = l - c. What is the remainder when o is divided by 45?
44
Let f = 29 + -33. Let m be 0 + -3 + 8 + f. Calculate the remainder when ((-3)/5)/(m/(-105)) is divided by 16.
15
Suppose -12*s = 5*s - 153. Suppose 4*v + 5*l = 3*v + 13, 0 = -3*l - s. What is the remainder when v is divided by 15?
13
Let v(s) = 12*s**2 + 578*s - 407. Calculate the remainder when 142 is divided by v(-49).
59
Let g(x) = 507*x + 12. What is the remainder when g(30) is divided by 145?
142
Let v(h) = -2*h**3 - 25*h**2 - 19*h - 26. Suppose 3*r + 13 = 79. Let p = r - 7. Calculate the remainder when v(-12) is divided by p.
13
Suppose 39*s - 185*s - 59*s + 215865 = 0. What is the remainder when s is divided by (-12 + 1)/(1/(-4))?
41
Let x(z) = -32*z - 1214. What is the remainder when 85 is divided by x(-40)?
19
Suppose 3*v - 13 - 44 = 0. Suppose -3*w + 5*a = 1, -5*a = w + 2*w - v. Calculate the remainder when 0 + (2 - w) + 24 - 2 is divided by 11.
10
Suppose -6468 = -j - 5*b, -j = -3*b + 7*b - 6462. What is the remainder when j is divided by 161?
159
Let p(b) = -16*b - 165. Let v be ((-4)/6)/((-2)/9). Calculate the remainder when p(-12) is divided by (-21)/(-7)*7/v.
6
Let t be (-12)/(-30) + ((-6018)/(-10))/3. Suppose 17*w - 71 = t. What is the remainder when 61 is divided by w?
13
Suppose -f - 10 = -3*v, -5*v + 3*f = 1 - 19. Suppose 0 = -3*w + y + 51, 3*w + 2*y - 51 = -v*y. Calculate the remainder when 96 is divided by w.
11
Let h = -64 + 41. Let p = h + 27. Suppose 34 - p = 5*z. Calculate the remainder when 16 is divided by z.
4
Suppose 0 = -3*k + 8*k + 5, 0 = -5*w + 4*k + 19. Suppose 3*b - 470 = -5*a + 755, -1205 = -w*b + 5*a. What is the remainder when b is divided by 68?
65
What is the remainder when 1144 is divided by (-15 - 486/(-42))/((-30)/14 - -2)?
16
Calculate the remainder when 914 is divided by 11289/(-142)*((-15)/9 - -1).
13
What is the remainder when 6/10 - 2335/(-25) is divided by 18/5 + 1456/140?
10
Suppose -8*g + 295 = -105. What is the remainder when 239 is divided by g?
39
Suppose -6*u + 8*l + 3950 = 9*l, 3*l - 2638 = -4*u. Calculate the remainder when u is divided by 275.
108
Let b = 10278 + -9597. Calculate the remainder when b is divided by 67.
11
What is the remainder when 1101 is divided by 37 + (-8)/2 - (-10 - -16)?
21
Let v = 393 - 240. Calculate the remainder when 2140 is divided by v